5, 0 = -5*i - a + 953. What is the tens digit of i?
9
Let g(x) = -x**3 - 13*x**2 - 18*x - 30. What is the units digit of g(-12)?
2
Suppose 0 = 4*v - 26 + 150. Suppose 4*o - 30 = 3*l + 130, 12 = 3*o. Let r = v - l. What is the tens digit of r?
1
Let i(b) = -b**2 - b + 5. Let v be i(0). Suppose -f = 2*k - 1 + 3, v*k + 14 = 2*f. What is the units digit of (14/(-8))/(f/(-8))?
7
Suppose -22*j = -25*j + 24. What is the units digit of j?
8
Let t(z) = 2*z**2 - 11*z - 18. What is the tens digit of t(-8)?
9
Let i = -15 - -8. Let s(n) = -2*n + 9. What is the units digit of s(i)?
3
Suppose 4*o = 2*o + 12. Suppose -3*i + o*i = 81. What is the tens digit of i?
2
Let x be (-8)/4*(-98)/4. Let l = 76 - x. What is the tens digit of l?
2
Suppose 116 + 28 = 2*h - 4*z, -h + 72 = -4*z. What is the units digit of h?
2
Suppose -18 = -3*d - 6. Suppose 4*o = -t + d*t - 38, o + 5 = 0. Suppose -2*x = -t - 4. What is the units digit of x?
5
Let w(j) = 13*j + 17. Let s be w(7). Suppose -3*r + s = 27. What is the units digit of r?
7
Let n = 9 + -4. Let m(f) = -f**2 - 9*f + 13. Let z be m(-10). Suppose n*d + z = 13. What is the units digit of d?
2
Suppose 0 + 1 = -n, -2*i + n + 17 = 0. Let r = i - -2. What is the tens digit of r?
1
Let f = 38 - 47. Suppose 0 = -v + 35 + 10. What is the units digit of (-7)/f - (-10)/v?
1
Suppose 4*p = 0, -12*x + 2*p = -13*x + 36. What is the units digit of x?
6
Let d(h) = -5*h + 1. Let z be 5*(-1 + (-3)/(-5)). Let s be d(z). Suppose 0 = -3*k + 4 + s. What is the units digit of k?
5
Let d be 4/(-14) + 69/21. Suppose -5*u + 20 = -d*u. What is the tens digit of u?
1
Suppose -n + m = -4, -5 = 4*n - 2*m + 5*m. Let p be 1 - -1 - n/(-1). Let o = 12 + p. What is the units digit of o?
5
What is the units digit of 3/(-4 + 1) + 61?
0
Let p = 20 - 42. Let w = p + 62. Suppose -5*g - b = -w, 3*b - 20 = -b. What is the units digit of g?
7
Let m(r) = -r + 3. Let p(o) = o + 13. Let i be p(-9). Let d be m(i). What is the units digit of d/2 - (-133)/14?
9
Let f be (-2)/6 - 14/(-6). Let q be (-2)/(-2)*-2 + 2. Suppose -v - 32 = -3*b - 0*v, -b - f*v + 13 = q. What is the units digit of b?
1
Let g(f) be the third derivative of -1/24*f**4 + 0 - 1/3*f**3 - 3*f**2 + 0*f. What is the units digit of g(-7)?
5
Let p(g) = -4*g**3 - g**2 - g. Let q be p(-1). Let z(o) = o**2 - q + 5 + o**2 - 2 - 5*o. What is the tens digit of z(4)?
1
Let l = 2 - 20. Suppose 5*q - 1 = 4. What is the units digit of (-1)/(q + 21/l)?
6
Let s = 78 + 107. What is the units digit of s?
5
Let q = 3 - 0. Suppose -q*l = -k, 5*k = -5*l + 6*l + 70. Let t = k - 7. What is the units digit of t?
8
Suppose 0 = -0*r + r - 2. Suppose -i + 123 = 2*i. Suppose -5*h = j - 5*j + i, h + 13 = r*j. What is the units digit of j?
4
Let x be (-5)/2*(-2 - 0). Let f be (2 - -4)*2/3. What is the units digit of 6 - (f/2 - x)?
9
Let j(s) = s**3 + 22*s**2 - s - 19. What is the units digit of j(-22)?
3
What is the tens digit of -6 + 8/2 - -65?
6
Suppose -3*v + 0*v = -15, -2*v = -3*p - 1. Suppose -g - p*q = 10, 3*g - 2*q - 26 = 3*q. What is the units digit of g?
2
Suppose 0*y - 3*y + 4*t + 131 = 0, -4*y - t = -143. What is the units digit of y?
7
Let l(h) = h**2 - 2*h - 1. Let b be l(3). Let w = -8 + 13. Suppose b*i - 3*g = 14, -2*i + g - w*g = 0. What is the units digit of i?
4
Let y(z) = -z + 9. Let a be y(4). Let m(g) be the third derivative of g**4/8 + 7*g**3/6 + 16*g**2. What is the tens digit of m(a)?
2
Suppose 6*h = 3*h - 3. Let v = 3 + h. Suppose -i = i - v. What is the units digit of i?
1
Let d = -12 - -36. What is the units digit of 9/4 - (-18)/d?
3
Let f(w) be the first derivative of -w**4/4 - 2*w**3 + 7*w**2/2 + 9*w + 5. What is the units digit of f(-7)?
9
Let d be 4/20 - 58/(-10). Suppose -28 + d = -3*k + 4*v, 0 = -4*k - 2*v + 66. What is the units digit of k?
4
What is the units digit of (-44)/((-7)/(35/2))?
0
Let i be (-1 + 2)/(-2 + 1). What is the tens digit of (-17 - -3)/i - 0?
1
Let c = 14 - 16. Let w(o) be the first derivative of -3*o**2/2 + 2*o - 1. What is the units digit of w(c)?
8
Let b(v) = v - 2. Let t(z) = z**3 - z**2. Let d be t(2). Let j be b(d). Suppose -j*i + 11 = 5*x, 0 = 2*x - 0 - 2. What is the units digit of i?
3
Let n(f) = 10*f + 8. Suppose 0 = -3*r - 5*t - 8, 2*t - 3 - 1 = 0. Let b be n(r). What is the units digit of b/(-14) + 6/21?
4
Let f = 2 + 6. Let n be (-1 + 5)*54/f. What is the units digit of 303/n + 2/(-9)?
1
Let g = 7 - -7. What is the tens digit of g/21 - 58/(-3)?
2
Let x = 28 - 26. What is the units digit of x?
2
Let l(u) = 0*u**2 + 4*u**2 + 1 - 3*u**2 + 3*u - 4*u. What is the units digit of l(-3)?
3
Let n = 197 + -101. What is the tens digit of n?
9
Let a = 6 + -3. Suppose -u = 2*j - a*u - 2, 0 = 5*j + u - 17. Suppose j*o - 7 = 8. What is the units digit of o?
5
Let b = -10 - -6. Let q(i) = -4*i. What is the units digit of q(b)?
6
Let r = -47 + 76. What is the units digit of r?
9
Let i be ((-12)/10)/(1/5). Let s(k) = -k**3 - 5*k**2 + 5*k - 7. Let b be s(i). Let y(n) = 6*n**2 + n. What is the units digit of y(b)?
5
Suppose -2*n - 8 = -n. What is the units digit of 6/n + (-54)/(-8)?
6
Let r(z) = -z**3 + 6*z**2 - 6*z - 6. Let q be r(5). Let d = -8 - q. What is the units digit of d?
3
Let b = -1 + -11. Let x be 28/(2 - b/(-9)). Suppose y = -2*y + x. What is the tens digit of y?
1
Let j be 1/((-3)/(-9) + 0). Suppose 6*d - 85 = j*d - 2*m, -39 = -d + 2*m. What is the tens digit of d?
3
Let j(y) = -y**2 - 5*y + 7. Let t be j(-5). Suppose 65 = t*d - 2*d. Suppose -7*a = -8*a + d. What is the units digit of a?
3
Let z(a) = -4 - a**2 - a**2 + 3*a**2 + 3. What is the units digit of z(-3)?
8
Suppose 2*d - 20*d = -4014. What is the tens digit of d?
2
Let k be (1 - 2)/(1/(-2)). Suppose -3*n - k*q + 39 = 2*q, 0 = 2*n + 4*q - 30. What is the units digit of n?
9
Suppose -3*z - 87 = -6*z. What is the units digit of z?
9
Let f be (0 - -5)*(-10)/(-25). Suppose -2*j + 3*j + 29 = f*a, -5*a + 77 = -j. What is the tens digit of a?
1
Let p = -11 + 30. What is the tens digit of p?
1
Suppose 3*k = 15 - 6. Suppose -k - 1 = -c + t, 0 = 5*c - 4*t - 18. What is the units digit of c?
2
Suppose 176 = -4*k + 3*j - 0*j, 3*j + 132 = -3*k. What is the units digit of k/(-7) + (-16)/56?
6
Let k(f) = 9*f + 2. Let u be k(-2). Let x = -10 - u. What is the units digit of x?
6
Suppose 10*s + 5*d = 14*s - 1345, 2*s + 5*d - 695 = 0. What is the hundreds digit of s?
3
What is the tens digit of (-20)/(-90) - ((-6450)/27)/5?
4
What is the hundreds digit of 28/3*(531/4)/3?
4
Let y = -12 - -25. Let t = y - -1. What is the tens digit of t?
1
Suppose k = -3*k + 56. Let s = -9 + -1. Let d = k + s. What is the units digit of d?
4
Let c be (6*1)/(-1) - 0. Let v = 8 + c. Suppose -3 = -r + v. What is the units digit of r?
5
Let r = 0 - -2. Suppose r*n - 12 = -n. Suppose 0 = -2*u - 3*y + 4, -3*y + 22 - 2 = n*u. What is the units digit of u?
8
Let y(v) = 2*v**2 - 7*v + 11. Let t = 11 - 2. Let n be y(t). What is the units digit of (n/15)/(4/6)?
1
Suppose -4*m = -0*m, 2*b = m - 22. Let s(w) = 2*w + 11. Let q be s(b). Let y = q + 15. What is the units digit of y?
4
Suppose 0 = -3*m + 2*z - 13, 0*m + 8 = 2*m + 2*z. What is the units digit of 13 - (m + 0)/1?
4
Suppose 0 = 2*u + 5*d + 6, -5*u + 3*d - 6*d = 34. What is the tens digit of 2/u + (-837)/(-36)?
2
Let w = -2 + 3. What is the units digit of 0 + w + 7 + -1?
7
Let d(b) = -b**2 + 1. Let v(y) = -5*y**2 + 2*y + 10. Let h(w) = -6*d(w) + v(w). Let j be (-2)/(((-10)/3)/(-5)). What is the units digit of h(j)?
7
Let i = 29 + -20. What is the units digit of i?
9
Suppose 5*f + 2 + 3 = 0. Let y(k) = -112*k - 49. Let h(u) = 7*u + 3. Let p(d) = -49*h(d) - 3*y(d). What is the units digit of p(f)?
7
Let p be 2/(5 + -3) + 1. What is the units digit of p + 1 - (-12 + -1)?
6
Let b(q) be the third derivative of q**6/120 + q**5/10 - 5*q**4/24 + q**3/3 - 7*q**2. What is the units digit of b(-5)?
2
Suppose 13*j + 3220 = 27*j. What is the hundreds digit of j?
2
Suppose -5*f + 1654 - 384 = 0. What is the units digit of f?
4
Suppose 0 = -12*x + x + 165. What is the units digit of x?
5
Suppose -k = -4*c + 4*k + 137, k + 1 = 0. Suppose 5*v - c = v + r, v = r + 9. What is the units digit of v?
8
Let s = -3 - 3. Let j = -5 - s. What is the units digit of j?
1
What is the tens digit of (-1 - 3)*(-58)/8?
2
Let p = 3